{"id":266,"date":"2021-09-26T20:10:11","date_gmt":"2021-09-26T20:10:11","guid":{"rendered":"https:\/\/www.ricardorubiopsicologo.com\/?page_id=266"},"modified":"2023-05-07T19:48:00","modified_gmt":"2023-05-07T19:48:00","slug":"sobre-mi","status":"publish","type":"page","link":"https:\/\/www.ricardorubiopsicologo.com\/index.php\/sobre-mi\/","title":{"rendered":"Sobre m\u00ed"},"content":{"rendered":"\t\t<div data-elementor-type=\"wp-page\" data-elementor-id=\"266\" class=\"elementor elementor-266\">\n\t\t\t\t\t\t<section class=\"elementor-section elementor-top-section elementor-element elementor-element-3006145 elementor-section-stretched elementor-section-boxed elementor-section-height-default elementor-section-height-default\" data-id=\"3006145\" data-element_type=\"section\" data-e-type=\"section\" data-settings=\"{&quot;stretch_section&quot;:&quot;section-stretched&quot;}\">\n\t\t\t\t\t\t<div class=\"elementor-container elementor-column-gap-default\">\n\t\t\t\t\t<div class=\"elementor-column elementor-col-100 elementor-top-column elementor-element elementor-element-fc53a09\" data-id=\"fc53a09\" data-element_type=\"column\" data-e-type=\"column\">\n\t\t\t<div class=\"elementor-widget-wrap elementor-element-populated\">\n\t\t\t\t\t\t<div class=\"elementor-element elementor-element-ed92d2d elementor-widget elementor-widget-heading\" data-id=\"ed92d2d\" data-element_type=\"widget\" data-e-type=\"widget\" data-widget_type=\"heading.default\">\n\t\t\t\t<div class=\"elementor-widget-container\">\n\t\t\t\t\t<h1 class=\"elementor-heading-title elementor-size-default\">Sobre m\u00ed<\/h1>\t\t\t\t<\/div>\n\t\t\t\t<\/div>\n\t\t\t\t\t<\/div>\n\t\t<\/div>\n\t\t\t\t\t<\/div>\n\t\t<\/section>\n\t\t\t\t<section class=\"elementor-section elementor-top-section elementor-element elementor-element-394650b elementor-section-stretched elementor-section-boxed elementor-section-height-default elementor-section-height-default\" data-id=\"394650b\" data-element_type=\"section\" data-e-type=\"section\" data-settings=\"{&quot;stretch_section&quot;:&quot;section-stretched&quot;}\">\n\t\t\t\t\t\t<div class=\"elementor-container elementor-column-gap-default\">\n\t\t\t\t\t<div class=\"elementor-column elementor-col-33 elementor-top-column elementor-element elementor-element-3f7230f\" data-id=\"3f7230f\" data-element_type=\"column\" data-e-type=\"column\">\n\t\t\t<div class=\"elementor-widget-wrap\">\n\t\t\t\t\t\t\t<\/div>\n\t\t<\/div>\n\t\t\t\t<div class=\"elementor-column elementor-col-33 elementor-top-column elementor-element elementor-element-3acb62d\" data-id=\"3acb62d\" data-element_type=\"column\" data-e-type=\"column\">\n\t\t\t<div class=\"elementor-widget-wrap elementor-element-populated\">\n\t\t\t\t\t\t<div class=\"elementor-element elementor-element-379c1f9 elementor-widget elementor-widget-spacer\" data-id=\"379c1f9\" data-element_type=\"widget\" data-e-type=\"widget\" data-widget_type=\"spacer.default\">\n\t\t\t\t<div class=\"elementor-widget-container\">\n\t\t\t\t\t\t\t<div class=\"elementor-spacer\">\n\t\t\t<div class=\"elementor-spacer-inner\"><\/div>\n\t\t<\/div>\n\t\t\t\t\t\t<\/div>\n\t\t\t\t<\/div>\n\t\t\t\t<div class=\"elementor-element elementor-element-2b1009f elementor-widget elementor-widget-text-editor\" data-id=\"2b1009f\" data-element_type=\"widget\" data-e-type=\"widget\" data-widget_type=\"text-editor.default\">\n\t\t\t\t<div class=\"elementor-widget-container\">\n\t\t\t\t\t\t\t\t\t<p><span style=\"color: #262626;\">\u00a1Hola! Me gustar\u00eda \u00a0presentarme y contarte un poco de m\u00ed. <\/span><\/p><p><strong><span style=\"color: #262626;\">Soy Ricardo Rubio, psic\u00f3logo en Monterrey, N.L., M\u00e9xico.<\/span><\/strong><\/p><p><span style=\"color: #262626;\">Ced. Prof. 11856153<\/span><\/p><p><span style=\"color: #262626;\">Soy egresado de la <\/span><em style=\"color: #262626;\">Licenciatura en Psicolog\u00eda<\/em><span style=\"color: #262626;\">, teniendo una acentuaci\u00f3n\u00a0<\/span><span style=\"color: #262626;\"><span style=\"caret-color: #262626;\"><i>cl\u00ednica\u00a0<\/i><\/span><\/span><i style=\"color: #262626;\">cognitivo conductual<\/i><span style=\"color: #262626;\">, por la Universidad Aut\u00f3noma de Nuevo Le\u00f3n (UANL); tengo un <\/span><em style=\"color: #262626;\">Diplomado en Terapia Breve<\/em><span style=\"color: #262626;\"> por la misma universidad, y cursando actualmente un <\/span><em style=\"color: #262626;\">M\u00e1ster en Terapias Conductuales y Contextuales en Infantojuveniles y<\/em> <em>Adultos<\/em> en el Instituto de Terapias \u00a0Conductuales y Contextuales (ITECOCC).<\/p><p><span style=\"color: #262626;\">Cuento con <strong>conocimiento y experiencia en el \u00e1mbito cl\u00ednico desde hace m\u00e1s de 6 a\u00f1os<\/strong>, as\u00ed como una rigurosa y constante\u00a0formaci\u00f3n en <em>psicoterapias basadas en la evidencia.<\/em> <\/span><span style=\"caret-color: #262626; color: #262626;\">Abogando siempre por los derechos del <\/span><em>colectivo<\/em> <em>LGBTTTQA<\/em>+<span style=\"color: #262626;\"> y <\/span><span style=\"caret-color: #262626; color: #262626;\">teniendo\u00a0<\/span><em>perspectiva de g\u00e9nero.<\/em><\/p><p><span style=\"color: #262626;\">Mi\u00a0objetivo es ayudar a desarrollar las habilidades necesarias en quienes decidan <strong>comenzar a mejorar su vida<\/strong><em>, <\/em>al iniciar su proceso de atenci\u00f3n psicol\u00f3gica.<\/span><\/p><p><span style=\"color: #262626;\">He estado trabajando como psic\u00f3logo en el\u00a0<span style=\"caret-color: #262626;\">sector<\/span> p\u00fablico encarg\u00e1ndome de programas de salud comunitaria y en atenci\u00f3n psicol\u00f3gica individual en adultos en consulta ambulatoria.<\/span><\/p><p><span style=\"color: #262626;\">En la actualidad adem\u00e1s mi consulta privada,\u00a0tambi\u00e9n soy <\/span><strong style=\"color: #262626;\">profesor<\/strong><span style=\"color: #262626;\">\u00a0en la Universidad Aut\u00f3noma de Nuevo Le\u00f3n, cursando actualmente una Maestr\u00eda en Docencia con orientaci\u00f3n en\u00a0<span style=\"caret-color: #262626;\">Educaci\u00f3n Media Superior (UANL)<\/span>. <img decoding=\"async\" class=\"emoji lazyload\" role=\"img\" draggable=\"false\" data-src=\"https:\/\/s.w.org\/images\/core\/emoji\/14.0.0\/svg\/1f9d1-1f3fb-200d-1f3eb.svg\" alt=\"\ud83e\uddd1\ud83c\udffb\u200d\ud83c\udfeb\" src=\"data:image\/svg+xml;base64,PHN2ZyB3aWR0aD0iMSIgaGVpZ2h0PSIxIiB4bWxucz0iaHR0cDovL3d3dy53My5vcmcvMjAwMC9zdmciPjwvc3ZnPg==\" \/><\/span><\/p><p>Me encanta el mundo de los libros y el estudio: ten por seguro que estoy en constante formaci\u00f3n profesional y que siempre intentar\u00e9 brindarte los mejores recursos psicol\u00f3gicos, acompa\u00f1\u00e1ndote de manera emp\u00e1tica y respetuosa. <img decoding=\"async\" class=\"emoji lazyload\" role=\"img\" draggable=\"false\" data-src=\"https:\/\/s.w.org\/images\/core\/emoji\/14.0.0\/svg\/1f4da.svg\" alt=\"\ud83d\udcda\" src=\"data:image\/svg+xml;base64,PHN2ZyB3aWR0aD0iMSIgaGVpZ2h0PSIxIiB4bWxucz0iaHR0cDovL3d3dy53My5vcmcvMjAwMC9zdmciPjwvc3ZnPg==\" \/><img decoding=\"async\" class=\"emoji lazyload\" role=\"img\" draggable=\"false\" data-src=\"https:\/\/s.w.org\/images\/core\/emoji\/14.0.0\/svg\/1f4d6.svg\" alt=\"\ud83d\udcd6\" src=\"data:image\/svg+xml;base64,PHN2ZyB3aWR0aD0iMSIgaGVpZ2h0PSIxIiB4bWxucz0iaHR0cDovL3d3dy53My5vcmcvMjAwMC9zdmciPjwvc3ZnPg==\" \/><img decoding=\"async\" class=\"emoji lazyload\" role=\"img\" draggable=\"false\" data-src=\"https:\/\/s.w.org\/images\/core\/emoji\/14.0.0\/svg\/1f4da.svg\" alt=\"\ud83d\udcda\" src=\"data:image\/svg+xml;base64,PHN2ZyB3aWR0aD0iMSIgaGVpZ2h0PSIxIiB4bWxucz0iaHR0cDovL3d3dy53My5vcmcvMjAwMC9zdmciPjwvc3ZnPg==\" \/><\/p>\t\t\t\t\t\t\t\t<\/div>\n\t\t\t\t<\/div>\n\t\t\t\t\t<\/div>\n\t\t<\/div>\n\t\t\t\t<div class=\"elementor-column elementor-col-33 elementor-top-column elementor-element elementor-element-122b528\" data-id=\"122b528\" data-element_type=\"column\" data-e-type=\"column\">\n\t\t\t<div class=\"elementor-widget-wrap elementor-element-populated\">\n\t\t\t\t\t\t<div class=\"elementor-element elementor-element-69a61f4 elementor-widget elementor-widget-image\" data-id=\"69a61f4\" data-element_type=\"widget\" data-e-type=\"widget\" data-widget_type=\"image.default\">\n\t\t\t\t<div class=\"elementor-widget-container\">\n\t\t\t\t\t\t\t\t\t\t\t\t\t\t\t<img fetchpriority=\"high\" decoding=\"async\" width=\"830\" height=\"1024\" src=\"https:\/\/www.ricardorubiopsicologo.com\/wp-content\/uploads\/2021\/09\/6A8490B7-797A-4AE7-A3D1-BFE2A9A49114_1_201_a-e1632255444764-830x1024.jpeg\" class=\"attachment-large size-large wp-image-61\" alt=\"\" srcset=\"https:\/\/www.ricardorubiopsicologo.com\/wp-content\/uploads\/2021\/09\/6A8490B7-797A-4AE7-A3D1-BFE2A9A49114_1_201_a-e1632255444764-830x1024.jpeg.webp 830w, https:\/\/www.ricardorubiopsicologo.com\/wp-content\/uploads\/2021\/09\/6A8490B7-797A-4AE7-A3D1-BFE2A9A49114_1_201_a-e1632255444764-243x300.jpeg.webp 243w, https:\/\/www.ricardorubiopsicologo.com\/wp-content\/uploads\/2021\/09\/6A8490B7-797A-4AE7-A3D1-BFE2A9A49114_1_201_a-e1632255444764-768x948.jpeg.webp 768w, https:\/\/www.ricardorubiopsicologo.com\/wp-content\/uploads\/2021\/09\/6A8490B7-797A-4AE7-A3D1-BFE2A9A49114_1_201_a-e1632255444764-1245x1536.jpeg.webp 1245w, https:\/\/www.ricardorubiopsicologo.com\/wp-content\/uploads\/2021\/09\/6A8490B7-797A-4AE7-A3D1-BFE2A9A49114_1_201_a-e1632255444764.jpeg.webp 1514w\" sizes=\"(max-width: 830px) 100vw, 830px\" \/>\t\t\t\t\t\t\t\t\t\t\t\t\t\t\t<\/div>\n\t\t\t\t<\/div>\n\t\t\t\t<div class=\"elementor-element elementor-element-b1ab162 elementor-widget elementor-widget-image\" data-id=\"b1ab162\" data-element_type=\"widget\" data-e-type=\"widget\" data-widget_type=\"image.default\">\n\t\t\t\t<div class=\"elementor-widget-container\">\n\t\t\t\t\t\t\t\t\t\t\t\t\t\t\t<img decoding=\"async\" width=\"900\" height=\"825\" data-src=\"https:\/\/www.ricardorubiopsicologo.com\/wp-content\/uploads\/2023\/05\/IMG_7966-scaled-e1683488802919-1024x939.jpg\" class=\"attachment-large size-large wp-image-1162 lazyload\" alt=\"\" data-srcset=\"https:\/\/www.ricardorubiopsicologo.com\/wp-content\/uploads\/2023\/05\/IMG_7966-scaled-e1683488802919-1024x939.jpg.webp 1024w, https:\/\/www.ricardorubiopsicologo.com\/wp-content\/uploads\/2023\/05\/IMG_7966-scaled-e1683488802919-300x275.jpg.webp 300w, https:\/\/www.ricardorubiopsicologo.com\/wp-content\/uploads\/2023\/05\/IMG_7966-scaled-e1683488802919-768x704.jpg.webp 768w, https:\/\/www.ricardorubiopsicologo.com\/wp-content\/uploads\/2023\/05\/IMG_7966-scaled-e1683488802919-1536x1408.jpg.webp 1536w, https:\/\/www.ricardorubiopsicologo.com\/wp-content\/uploads\/2023\/05\/IMG_7966-scaled-e1683488802919.jpg.webp 1836w\" data-sizes=\"(max-width: 900px) 100vw, 900px\" src=\"data:image\/svg+xml;base64,PHN2ZyB3aWR0aD0iMSIgaGVpZ2h0PSIxIiB4bWxucz0iaHR0cDovL3d3dy53My5vcmcvMjAwMC9zdmciPjwvc3ZnPg==\" style=\"--smush-placeholder-width: 900px; --smush-placeholder-aspect-ratio: 900\/825;\" \/>\t\t\t\t\t\t\t\t\t\t\t\t\t\t\t<\/div>\n\t\t\t\t<\/div>\n\t\t\t\t\t<\/div>\n\t\t<\/div>\n\t\t\t\t\t<\/div>\n\t\t<\/section>\n\t\t\t\t<section class=\"elementor-section elementor-top-section elementor-element elementor-element-23385aa elementor-section-stretched elementor-section-boxed elementor-section-height-default elementor-section-height-default\" data-id=\"23385aa\" data-element_type=\"section\" data-e-type=\"section\" data-settings=\"{&quot;stretch_section&quot;:&quot;section-stretched&quot;,&quot;background_background&quot;:&quot;classic&quot;}\">\n\t\t\t\t\t\t<div class=\"elementor-container elementor-column-gap-default\">\n\t\t\t\t\t<div class=\"elementor-column elementor-col-50 elementor-top-column elementor-element elementor-element-cb51036\" data-id=\"cb51036\" data-element_type=\"column\" data-e-type=\"column\">\n\t\t\t<div class=\"elementor-widget-wrap elementor-element-populated\">\n\t\t\t\t\t\t<div class=\"elementor-element elementor-element-56532a1 elementor-widget elementor-widget-heading\" data-id=\"56532a1\" data-element_type=\"widget\" data-e-type=\"widget\" data-widget_type=\"heading.default\">\n\t\t\t\t<div class=\"elementor-widget-container\">\n\t\t\t\t\t<h2 class=\"elementor-heading-title elementor-size-default\">Escr\u00edbeme sin ning\u00fan compromiso<\/h2>\t\t\t\t<\/div>\n\t\t\t\t<\/div>\n\t\t\t\t<div class=\"elementor-element elementor-element-b67dccf elementor-widget elementor-widget-text-editor\" data-id=\"b67dccf\" data-element_type=\"widget\" data-e-type=\"widget\" data-widget_type=\"text-editor.default\">\n\t\t\t\t<div class=\"elementor-widget-container\">\n\t\t\t\t\t\t\t\t\t<p>Si te interesa obtener m\u00e1s informaci\u00f3n sobre lo que implica una atenci\u00f3n psicol\u00f3gica profesional &nbsp;y poder resolver los problemas por los que buscas ayuda, m\u00e1ndame un mensaje usando la secci\u00f3n de la derecha.&nbsp;<\/p>\n<p>Te contactar\u00e9 por el medio que m\u00e1s utilices, por favor ind\u00edcamelo al final de tu motivo de consulta.<\/p>\n<p>Toda la informaci\u00f3n que env\u00edes es completamente confidencial.<\/p>\t\t\t\t\t\t\t\t<\/div>\n\t\t\t\t<\/div>\n\t\t\t\t<div class=\"elementor-element elementor-element-57f2e90 elementor-widget elementor-widget-heading\" data-id=\"57f2e90\" data-element_type=\"widget\" data-e-type=\"widget\" data-widget_type=\"heading.default\">\n\t\t\t\t<div class=\"elementor-widget-container\">\n\t\t\t\t\t<h2 class=\"elementor-heading-title elementor-size-default\">D\u00f3nde me ubico<\/h2>\t\t\t\t<\/div>\n\t\t\t\t<\/div>\n\t\t\t\t<div class=\"elementor-element elementor-element-1352e87 elementor-widget elementor-widget-text-editor\" data-id=\"1352e87\" data-element_type=\"widget\" data-e-type=\"widget\" data-widget_type=\"text-editor.default\">\n\t\t\t\t<div class=\"elementor-widget-container\">\n\t\t\t\t\t\t\t\t\t<p>Monterrey, Nuevo Le\u00f3n, M\u00e9xico<\/p>\t\t\t\t\t\t\t\t<\/div>\n\t\t\t\t<\/div>\n\t\t\t\t<div class=\"elementor-element elementor-element-b401ff7 elementor-shape-rounded elementor-grid-0 e-grid-align-center elementor-widget elementor-widget-social-icons\" data-id=\"b401ff7\" data-element_type=\"widget\" data-e-type=\"widget\" data-widget_type=\"social-icons.default\">\n\t\t\t\t<div class=\"elementor-widget-container\">\n\t\t\t\t\t\t\t<div class=\"elementor-social-icons-wrapper elementor-grid\" role=\"list\">\n\t\t\t\t\t\t\t<span class=\"elementor-grid-item\" role=\"listitem\">\n\t\t\t\t\t<a class=\"elementor-icon elementor-social-icon elementor-social-icon-facebook elementor-repeater-item-20ea482\" href=\"https:\/\/www.facebook.com\/psic.ricardorubio\" target=\"_blank\" rel=\"noopener\">\n\t\t\t\t\t\t<span class=\"elementor-screen-only\">Facebook<\/span>\n\t\t\t\t\t\t<i aria-hidden=\"true\" class=\"fab fa-facebook\"><\/i>\t\t\t\t\t<\/a>\n\t\t\t\t<\/span>\n\t\t\t\t\t\t\t<span class=\"elementor-grid-item\" role=\"listitem\">\n\t\t\t\t\t<a class=\"elementor-icon elementor-social-icon elementor-social-icon-instagram elementor-repeater-item-2bdbeef\" href=\"https:\/\/www.instagram.com\/psic.ricardorubio\/\" target=\"_blank\" rel=\"noopener\">\n\t\t\t\t\t\t<span class=\"elementor-screen-only\">Instagram<\/span>\n\t\t\t\t\t\t<i aria-hidden=\"true\" class=\"fab fa-instagram\"><\/i>\t\t\t\t\t<\/a>\n\t\t\t\t<\/span>\n\t\t\t\t\t\t\t<span class=\"elementor-grid-item\" role=\"listitem\">\n\t\t\t\t\t<a class=\"elementor-icon elementor-social-icon elementor-social-icon-whatsapp elementor-repeater-item-cdbb69e\" href=\"http:\/\/Wa.me\/525646417968\" target=\"_blank\" rel=\"noopener\">\n\t\t\t\t\t\t<span class=\"elementor-screen-only\">Whatsapp<\/span>\n\t\t\t\t\t\t<i aria-hidden=\"true\" class=\"fab fa-whatsapp\"><\/i>\t\t\t\t\t<\/a>\n\t\t\t\t<\/span>\n\t\t\t\t\t<\/div>\n\t\t\t\t\t\t<\/div>\n\t\t\t\t<\/div>\n\t\t\t\t\t<\/div>\n\t\t<\/div>\n\t\t\t\t<div class=\"elementor-column elementor-col-50 elementor-top-column elementor-element elementor-element-8fd8a37\" data-id=\"8fd8a37\" data-element_type=\"column\" data-e-type=\"column\">\n\t\t\t<div class=\"elementor-widget-wrap elementor-element-populated\">\n\t\t\t\t\t\t<div class=\"elementor-element elementor-element-b512d02 eael-contact-form-7-button-align-center eael-contact-form-7-button-custom elementor-widget elementor-widget-eael-contact-form-7\" data-id=\"b512d02\" data-element_type=\"widget\" data-e-type=\"widget\" data-widget_type=\"eael-contact-form-7.default\">\n\t\t\t\t<div class=\"elementor-widget-container\">\n\t\t\t\t\t<div class=\"eael-contact-form-7-wrapper\">\n                <div class=\"eael-contact-form eael-contact-form-7 eael-contact-form-b512d02 placeholder-show eael-contact-form-align-default\">\n<div class=\"wpcf7 no-js\" id=\"wpcf7-f6-o1\" lang=\"es-ES\" dir=\"ltr\" data-wpcf7-id=\"6\">\n<div class=\"screen-reader-response\"><p role=\"status\" aria-live=\"polite\" aria-atomic=\"true\"><\/p> <ul><\/ul><\/div>\n<form action=\"\/index.php\/wp-json\/wp\/v2\/pages\/266#wpcf7-f6-o1\" method=\"post\" class=\"wpcf7-form init\" aria-label=\"Formulario de contacto\" novalidate=\"novalidate\" data-status=\"init\">\n<fieldset class=\"hidden-fields-container\"><input type=\"hidden\" name=\"_wpcf7\" value=\"6\" \/><input type=\"hidden\" name=\"_wpcf7_version\" value=\"6.1.5\" \/><input type=\"hidden\" name=\"_wpcf7_locale\" value=\"es_ES\" \/><input type=\"hidden\" name=\"_wpcf7_unit_tag\" value=\"wpcf7-f6-o1\" \/><input type=\"hidden\" name=\"_wpcf7_container_post\" value=\"0\" \/><input type=\"hidden\" name=\"_wpcf7_posted_data_hash\" value=\"\" \/>\n<\/fieldset>\n<p><label> Nombre<br \/>\n<span class=\"wpcf7-form-control-wrap\" data-name=\"your-name\"><input size=\"40\" maxlength=\"400\" class=\"wpcf7-form-control wpcf7-text wpcf7-validates-as-required\" aria-required=\"true\" aria-invalid=\"false\" value=\"\" type=\"text\" name=\"your-name\" \/><\/span> <\/label>\n<\/p>\n<p><label> Correo electr\u00f3nico<br \/>\n<span class=\"wpcf7-form-control-wrap\" data-name=\"your-email\"><input size=\"40\" maxlength=\"400\" class=\"wpcf7-form-control wpcf7-email wpcf7-validates-as-required wpcf7-text wpcf7-validates-as-email\" aria-required=\"true\" aria-invalid=\"false\" value=\"\" type=\"email\" name=\"your-email\" \/><\/span> <\/label>\n<\/p>\n<p><label> Tel\u00e9fono<br \/>\n<span class=\"wpcf7-form-control-wrap\" data-name=\"tel-579\"><input size=\"40\" maxlength=\"400\" class=\"wpcf7-form-control wpcf7-tel wpcf7-validates-as-required wpcf7-text wpcf7-validates-as-tel\" aria-required=\"true\" aria-invalid=\"false\" value=\"\" type=\"tel\" name=\"tel-579\" \/><\/span> <\/label>\n<\/p>\n<p><label> Mensaje<br \/>\n<span class=\"wpcf7-form-control-wrap\" data-name=\"your-message\"><textarea cols=\"40\" rows=\"10\" maxlength=\"2000\" class=\"wpcf7-form-control wpcf7-textarea wpcf7-validates-as-required\" aria-required=\"true\" aria-invalid=\"false\" name=\"your-message\"><\/textarea><\/span> <\/label>\n<\/p>\n<p><span class=\"wpcf7-form-control-wrap\" data-name=\"Privacidad\"><span class=\"wpcf7-form-control wpcf7-acceptance\"><span class=\"wpcf7-list-item\"><label><input type=\"checkbox\" name=\"Privacidad\" value=\"1\" aria-invalid=\"false\" \/><span class=\"wpcf7-list-item-label\">He le\u00eddo y acepto la <a href=\u201dhttps:\/\/www.ricardorubiopsicologo.com\/politica-de-privacidad\/\u201d>Pol\u00edtica de privacidad<\/a><\/span><\/label><\/span><\/span><\/span>\n<\/p>\n<p><input class=\"wpcf7-form-control wpcf7-submit has-spinner\" type=\"submit\" value=\"Enviar\" \/>\n<\/p><p style=\"display: none !important;\" class=\"akismet-fields-container\" data-prefix=\"_wpcf7_ak_\"><label>&#916;<textarea name=\"_wpcf7_ak_hp_textarea\" cols=\"45\" rows=\"8\" maxlength=\"100\"><\/textarea><\/label><input type=\"hidden\" id=\"ak_js_1\" name=\"_wpcf7_ak_js\" value=\"93\"\/><script>document.getElementById( \"ak_js_1\" ).setAttribute( \"value\", ( new Date() ).getTime() );<\/script><\/p><div class=\"wpcf7-response-output\" aria-hidden=\"true\"><\/div>\n<\/form>\n<\/div>\n<\/div>\n            <\/div>\t\t\t\t<\/div>\n\t\t\t\t<\/div>\n\t\t\t\t<div class=\"elementor-element elementor-element-b7b6dee elementor-widget elementor-widget-toggle\" data-id=\"b7b6dee\" data-element_type=\"widget\" data-e-type=\"widget\" data-widget_type=\"toggle.default\">\n\t\t\t\t<div class=\"elementor-widget-container\">\n\t\t\t\t\t\t\t<div class=\"elementor-toggle\">\n\t\t\t\t\t\t\t<div class=\"elementor-toggle-item\">\n\t\t\t\t\t<div id=\"elementor-tab-title-1921\" class=\"elementor-tab-title\" data-tab=\"1\" role=\"button\" aria-controls=\"elementor-tab-content-1921\" aria-expanded=\"false\">\n\t\t\t\t\t\t\t\t\t\t\t\t<span class=\"elementor-toggle-icon elementor-toggle-icon-right\" aria-hidden=\"true\">\n\t\t\t\t\t\t\t\t\t\t\t\t\t\t\t<span class=\"elementor-toggle-icon-closed\"><i class=\"fas fa-caret-right\"><\/i><\/span>\n\t\t\t\t\t\t\t\t<span class=\"elementor-toggle-icon-opened\"><i class=\"elementor-toggle-icon-opened fas fa-caret-up\"><\/i><\/span>\n\t\t\t\t\t\t\t\t\t\t\t\t\t<\/span>\n\t\t\t\t\t\t\t\t\t\t\t\t<a class=\"elementor-toggle-title\" tabindex=\"0\">Informaci\u00f3n de protecci\u00f3n de datos<\/a>\n\t\t\t\t\t<\/div>\n\n\t\t\t\t\t<div id=\"elementor-tab-content-1921\" class=\"elementor-tab-content elementor-clearfix\" data-tab=\"1\" role=\"region\" aria-labelledby=\"elementor-tab-title-1921\"><p><strong>Informaci\u00f3n protecci\u00f3n de datos:<em>\u00a0nombre y apellidos.<\/em><\/strong><\/p><ul><li><strong>Finalidades:<\/strong>\u00a0responder a tus solicitudes y remitirte informaci\u00f3n comercial de nuestros productos y servicios, incluso por correo electr\u00f3nico.<\/li><li><strong>Legitimaci\u00f3n:<\/strong>\u00a0consentimiento del interesado.<\/li><li><strong>Destinatarios:<\/strong>\u00a0no est\u00e1n previstas cesiones de datos.<\/li><li><strong>Derechos:<\/strong>\u00a0puedes retirar tu consentimiento en cualquier momento, as\u00ed como acceder, rectificar, suprimir tus datos y dem\u00e1s derechos en <em><strong>psicoterapia@ricardorubiopsicologo.com<\/strong><\/em>.<\/li><li><strong>Informaci\u00f3n adicional:<\/strong>\u00a0puedes ampliar la informaci\u00f3n en el enlace de Avisos Legales.<\/li><\/ul><\/div>\n\t\t\t\t<\/div>\n\t\t\t\t\t\t\t\t<\/div>\n\t\t\t\t\t\t<\/div>\n\t\t\t\t<\/div>\n\t\t\t\t\t<\/div>\n\t\t<\/div>\n\t\t\t\t\t<\/div>\n\t\t<\/section>\n\t\t\t\t<\/div>\n\t\t","protected":false},"excerpt":{"rendered":"<p>Sobre m\u00ed \u00a1Hola! Me gustar\u00eda \u00a0presentarme y contarte un poco de m\u00ed. Soy Ricardo Rubio, psic\u00f3logo en Monterrey, N.L., M\u00e9xico. Ced. Prof. 11856153 Soy egresado de la Licenciatura en Psicolog\u00eda, teniendo una acentuaci\u00f3n\u00a0cl\u00ednica\u00a0cognitivo conductual, por la Universidad Aut\u00f3noma de Nuevo Le\u00f3n (UANL); tengo un Diplomado en Terapia Breve por la misma universidad, y cursando actualmente &#8230; <a title=\"Sobre m\u00ed\" class=\"read-more\" href=\"https:\/\/www.ricardorubiopsicologo.com\/index.php\/sobre-mi\/\" aria-label=\"Leer m\u00e1s sobre Sobre m\u00ed\">Leer m\u00e1s<\/a><\/p>\n","protected":false},"author":1,"featured_media":0,"parent":0,"menu_order":0,"comment_status":"closed","ping_status":"closed","template":"","meta":{"footnotes":""},"class_list":["post-266","page","type-page","status-publish"],"_links":{"self":[{"href":"https:\/\/www.ricardorubiopsicologo.com\/index.php\/wp-json\/wp\/v2\/pages\/266","targetHints":{"allow":["GET"]}}],"collection":[{"href":"https:\/\/www.ricardorubiopsicologo.com\/index.php\/wp-json\/wp\/v2\/pages"}],"about":[{"href":"https:\/\/www.ricardorubiopsicologo.com\/index.php\/wp-json\/wp\/v2\/types\/page"}],"author":[{"embeddable":true,"href":"https:\/\/www.ricardorubiopsicologo.com\/index.php\/wp-json\/wp\/v2\/users\/1"}],"replies":[{"embeddable":true,"href":"https:\/\/www.ricardorubiopsicologo.com\/index.php\/wp-json\/wp\/v2\/comments?post=266"}],"version-history":[{"count":89,"href":"https:\/\/www.ricardorubiopsicologo.com\/index.php\/wp-json\/wp\/v2\/pages\/266\/revisions"}],"predecessor-version":[{"id":1165,"href":"https:\/\/www.ricardorubiopsicologo.com\/index.php\/wp-json\/wp\/v2\/pages\/266\/revisions\/1165"}],"wp:attachment":[{"href":"https:\/\/www.ricardorubiopsicologo.com\/index.php\/wp-json\/wp\/v2\/media?parent=266"}],"curies":[{"name":"wp","href":"https:\/\/api.w.org\/{rel}","templated":true}]}}